{"id":11,"date":"2016-06-28T20:35:09","date_gmt":"2016-06-28T20:35:09","guid":{"rendered":"http:\/\/pyhsiopraxis-dreher.de\/?page_id=11"},"modified":"2019-11-24T18:13:56","modified_gmt":"2019-11-24T18:13:56","slug":"leistungen","status":"publish","type":"page","link":"https:\/\/physiopraxis-dreher.de\/?page_id=11","title":{"rendered":"Leistungen"},"content":{"rendered":"<h4><strong>UNSERE LEISTUNGEN<\/strong><\/h4>\n<p>Wir bieten in unserer Praxis &#8230;<\/p>\n<ul>\n<li>Manuelle Therapie<\/li>\n<li>Krankengymnastik<\/li>\n<li>PNF<\/li>\n<li>Schlingentisch<\/li>\n<li>Extension\u00a0(Strecken)<\/li>\n<li>Massage<\/li>\n<li>Lymphdrainage<\/li>\n<li>Fango<\/li>\n<li>Hei\u00dfluft<\/li>\n<li>Ultraschall<\/li>\n<li>Elektro-Therapie<\/li>\n<li>Kryo-Therapie (Eis)<\/li>\n<li>Laser-Therapie<\/li>\n<li>Schr\u00f6pf-Therapie<\/li>\n<\/ul>\n<p>Unsere Mitarbeiter besuchen regelm\u00e4\u00dfig Weiterbildungen f\u00fcr weitere und neue Therapie-M\u00f6glichkeiten.<\/p>\n","protected":false},"excerpt":{"rendered":"<p>UNSERE LEISTUNGEN Wir bieten in unserer Praxis &#8230; Manuelle Therapie Krankengymnastik PNF Schlingentisch Extension\u00a0(Strecken) Massage Lymphdrainage Fango Hei\u00dfluft Ultraschall Elektro-Therapie Kryo-Therapie (Eis) Laser-Therapie Schr\u00f6pf-Therapie Unsere Mitarbeiter besuchen regelm\u00e4\u00dfig Weiterbildungen f\u00fcr &#8230;<\/p>\n","protected":false},"author":1,"featured_media":0,"parent":2,"menu_order":0,"comment_status":"closed","ping_status":"closed","template":"template-fullwidth.php","meta":{"footnotes":""},"class_list":["post-11","page","type-page","status-publish","hentry"],"_links":{"self":[{"href":"https:\/\/physiopraxis-dreher.de\/index.php?rest_route=\/wp\/v2\/pages\/11","targetHints":{"allow":["GET"]}}],"collection":[{"href":"https:\/\/physiopraxis-dreher.de\/index.php?rest_route=\/wp\/v2\/pages"}],"about":[{"href":"https:\/\/physiopraxis-dreher.de\/index.php?rest_route=\/wp\/v2\/types\/page"}],"author":[{"embeddable":true,"href":"https:\/\/physiopraxis-dreher.de\/index.php?rest_route=\/wp\/v2\/users\/1"}],"replies":[{"embeddable":true,"href":"https:\/\/physiopraxis-dreher.de\/index.php?rest_route=%2Fwp%2Fv2%2Fcomments&post=11"}],"version-history":[{"count":2,"href":"https:\/\/physiopraxis-dreher.de\/index.php?rest_route=\/wp\/v2\/pages\/11\/revisions"}],"predecessor-version":[{"id":82,"href":"https:\/\/physiopraxis-dreher.de\/index.php?rest_route=\/wp\/v2\/pages\/11\/revisions\/82"}],"up":[{"embeddable":true,"href":"https:\/\/physiopraxis-dreher.de\/index.php?rest_route=\/wp\/v2\/pages\/2"}],"wp:attachment":[{"href":"https:\/\/physiopraxis-dreher.de\/index.php?rest_route=%2Fwp%2Fv2%2Fmedia&parent=11"}],"curies":[{"name":"wp","href":"https:\/\/api.w.org\/{rel}","templated":true}]}}